- -2) + -2?
3
4 - ((-4 - -8) + 2)
-2
Calculate (3 - -2) + (1 - 3) + -4.
-1
What is the value of 5 - (3 - 3 - -8)?
-3
Calculate (-2 - 0) + 0 + 6.
4
What is 1 - (2 + 1 + 8 + -7)?
-3
-3 + (-4 - 2 - -13) - 9
-5
Calculate (6 + -3 - 0) + 2 + -9.
-4
Calculate 1 - 1 - (7 - 4).
-3
(1 - 6 - (-9 + -2)) + -5
1
Calculate 1 + 4 + -4 + 1.
2
What is -3 - -2 - (5 - (-9 + 18))?
3
Evaluate (0 + 2 - -4) + -10.
-4
What is -23 + 25 - (10 + 1) - -4?
-5
-2 - -10 - (0 + 10)
-2
What is 1 + -4 - -7 - 7?
-3
Calculate -51 + 44 + 3 + 10 + 0.
6
Evaluate (1 - 12) + -45 + 49.
-7
79 + -83 + -2 + 14
8
Calculate -6 - (-6 - 0) - (-6 + 1).
5
What is the value of -3 + 6 + 3 + -1?
5
Evaluate 0 + (-3 - (8 - 6)).
-5
What is the value of (11 - 9 - (1 + -2)) + -5?
-2
Evaluate -5 + 5 + -4 - -9.
5
Evaluate 1 + 4 + -11 + 12 + 0.
6
Calculate (1 - (-2 + -6 - -3)) + -2.
4
Evaluate -2 - -7 - (0 + 3).
2
What is the value of (1 - 3) + 10 + -6 + -4?
-2
(6 - 2) + -4 + (13 - 20)
-7
Evaluate 1 + (-5 + -4 + 7 - 5).
-6
What is the value of (2 - 2 - -2) + 6 + -3?
5
Evaluate -6 + -7 + 15 - 11.
-9
Calculate (22 - 19) + -3 + 1.
1
What is (-2 - (-5 - 1)) + 1?
5
Evaluate -1 + (-6 - (5 + -11)).
-1
Evaluate 0 + (1 - (3 + -3)).
1
What is the value of 12 + -9 + -4 + 0?
-1
Calculate -4 + 0 - (6 - 1) - -4.
-5
4 + -7 + (1 - -4 - 0)
2
Evaluate (0 - 2) + (14 - 14).
-2
Evaluate -1 + (-5 + -4 - -4) + 8.
2
Evaluate -7 + (7 - 8) + 7 + 5.
4
Evaluate -16 + 19 - (0 + -3 + 3).
3
Calculate (4 - 0 - -1) + -2.
3
What is the value of 5 - (-5 - (-7 - (3 - 3)))?
3
Calculate 4 - (-5 + 10 + (6 - 3)).
-4
What is the value of 5 + 2 + -1 + -1?
5
What is (0 - 4) + -1 + 1 + 0?
-4
What is the value of 0 + -3 - (3 - (2 - 0))?
-4
What is the value of -7 + -1 + -39 + 50?
3
-14 - (-26 - -13 - 3)
2
-5 + -4 + 1 + 10 - -2
4
What is the value of (-12 - -11) + (2 - (2 - 2))?
1
Calculate -2 - (-4 - -6 - (0 - -4)).
0
What is the value of (3 - 1) + -4 + (-3 - -5)?
0
What is 2 - 0 - (1 - 2)?
3
What is -5 + (20 + -18 - (-14 + 3))?
8
Evaluate 1 + (-6 - (6 - 8) - 1).
-4
What is the value of -3 + -4 + (0 - -6)?
-1
What is 9 + (-13 - -8) + 0?
4
What is -8 + (-11 + 7 - 0) + 5?
-7
(1 + 3 - -3) + -9
-2
Calculate 5 - (-10 + (-4 - -16)).
3
1 + (-4 - -3 - 4)
-4
Calculate -3 - ((-3 - -2 - -1) + 1).
-4
What is 9 + -11 + -4 + 3?
-3
Calculate -3 + (3 - -1) - (11 + -7).
-3
Calculate (-1 - 1) + 20 + -21 - -11.
8
What is the value of -2 + 3 - ((1 - 5) + 0)?
5
What is (-1 - (1 + 0)) + (-5 - -3)?
-4
What is (-2 - (-6 - -5)) + 5?
4
Calculate -6 + 1 + -2 + 7 + -5.
-5
What is the value of (4 + -4 - 4) + 6?
2
Evaluate 9 + (2 - 6) + -2 + -3.
0
Evaluate (-22 - -20) + 6 + 2.
6
-4 - ((-2 + 2 - -1) + -1)
-4
Evaluate 5 - (0 - 0) - 0.
5
(-1 - 1) + 1 - -3
2
5 - 14 - (0 + 2)
-11
What is 4 + (-4 - 10) - (-1 - 3)?
-6
What is (-2 - 2 - -1) + 1?
-2
Calculate 2 + 3 + -2 + -5 + -3.
-5
What is -8 + (5 - 8 - -12) - 0?
1
What is -3 - -7 - (2 - -1)?
1
Evaluate 10 + -8 + (2 - 2 - 0).
2
What is 2 - 12 - -5 - -8?
3
(-5 + 1 + 2 - 0) + 4
2
-4 + 6 + (12 - 9)
5
Evaluate -4 - (2 + -6 + 3).
-3
What is the value of (-5 + 4 - (4 + -1)) + 0?
-4
What is the value of -3 + 11 + 1 + -8?
1
Evaluate -10 + (2 - (-2 - -8)) + 7.
-7
1 + -2 + 7 + -8 + 0
-2
1 - -2 - (12 + -5)
-4
Calculate 7 - ((1 - 2) + 5 + 2).
1
What is the value of 13 + -6 + -2 + (0 - 0)?
5
Calculate (-10 - (4 - 6)) + 8.
0
46 + -58 + (-3 - -16)
1
What is the value of 19 - 26 - (-2 + -3)?
-2
What is the value of -1 - (-4 + (-2 - 0) - -4)?
1
What is -7 + -29 + 25 + 20 + -2?
7
Calculate -3 + 2 + 8 + -15.
-8
Calculate -6 - (-10 + 7 + -3).
0
What is the value of 6 + (0 - 1) - (194 + -190)?
1
What is -10 + 1 + 10 - 4?
-3
What is the value of ((-2 - -7) + -7 - -4) + -11?
-9
Calculate -7 + 1 - -4 - -6.
4
Calculate 8 + -17 + 4 - (0 - -1).
-6
(-1 - -4 - 8) + 1
-4
What is the value of 10 - -1 - 7 - 2?
2
Calculate 10 + 0 + 5 + -10.
5
What is the value of -1 + (1 - 5) + 9?
4
What is the value of (-5 - -8) + -7 + 6?
2
What is -16 - ((6 - 6) + -8)?
-8
(-1 - (0 - 1)) + (1 - 1)
0
(-3 - -1) + -1 - (-10 + 12)
-5
Calculate -3 + -3 + -1 + 4 + 0.
-3
-1 - (-4 - (-1 + 3 + -8))
-3
Calculate -4 - (3 - 4) - -8.
5
Evaluate -1 - (8 - (0 - (1 + -6))).
-4
Evaluate -4 + (-6 + -3 - -6) + 5.
-2
(3 - (8 + (-5 - -2))) + 4
2
What is the value of -7 + 4 + (0 - (0 - -1))?
-4
Calculate (-3 + 2 - 3) + 4.
0
Evaluate (1 + -5 - 0) + -3.
-7
Evaluate -4 + 6 + -1 + (4 - 8).
-3
What is the value of -1 - (9 - 6 - (7 + -1))?
2
Evaluate 6 - (-5 - (6 + -18)).
-1
What is 3 + -1 + (6 - -1) + -5?
4
What is the value of 1 + (2 - 11) + (-9 - -13)?
-4
What is -1 + -1 - (18 + -24 + 5)?
-1
Evaluate (-20 - (0 + -21)) + -4 + 0.
-3
Evaluate 20 - 16 - (1 - 1 - 1).
5
Evaluate -6 + 1 + -4 - (41 - 47).
-3
11 + -20 - -4 - -15
10
Evaluate (5 + -13 - 3) + 15.
4
(-3 - -1) + (5 - 8) - 0
-5
-7 + (-3 - -2 - -4) + 0
-4
What is the value of 0 - (-1 + 4 - 8)?
5
What is 3 + 4 - (-6 + 22)?
-9
-1 - (-3 + -6) - 9
-1
What is (2 + -4 - 2) + 4?
0
Evaluate 2 + -2 + 6 + -5.
1
Calculate -5 + 8 + (-2 - 2).
-1
Calculate (184 - 179) + 1 + -7.
-1
Calculate (-2 - (2 + 4 + -3)) + 2.
-3
What is 6 + (-6 - (-1 + -4))?
5
What is -3 + -2 + 3 - (4 - 4)?
-2
Calculate 8 - (-2 - -1 - 1 - -5).
5
What is the value of -6 + (3 - -3) - (-1 + 1)?
0
Evaluate (-7 - -2) + (-4 - 0) + 5.
-4
What is the value of 1 + 0 + (-20 - -15)?
-4
-12 + 24 - 12 - -2
2
2 + 7 - (10 + -6)
5
What is -2 - ((-11 - -6) + 4 - -7)?
-8
What is -2 + ((-2 - -9) + -4 - 1)?
0
What is 0 + -2 + (0 - -6) + -8?
-4
Calculate 8 + (-1 - 1 - 2) + -9.
-5
What is the value of (-7 - (-4 + 2 + -1)) + 1?
-3
What is -20 + 17 - (0 + -1) - -4?
2
What is the value of 3 - (0 - (0 - -5) - -2)?
6
-4 - (0 + -1 + -3)
0
Evaluate -5 + 6 - 2 - -6.
5
What is the value of 0 - -19 - (38 - 26)?
7
What is 0 - 5 - (0 - -2 - 2)?
-5
0 + -6 + (6 - 5)
-5
Calculate -7 + (6 - -2) + -3 + 0.
-2
Evaluate 6 - ((-8 - -8) + 2).
4
What is the value of -1 + 3 - 7 - (-5 + 4)?
-4
What is the value of -2 + 3 + (-56 - -47)?
-8
What is (10 - 3) + -9 - -4?
2
Evaluate (-7 - 2) + 0 + -4 + 8.
-5
(-12 - -1) + -38 + 44
-5
What is -4 + (5 - 1) - (6 - 11)?
5
Evaluate -1 + 5 + -1 + (-7 - -5).
1
6 + 1 + (2 - 3 - 2)
4
-12 + (11 + -19 - -16)
-4
What is -4 + 11 - (1 + 3)?
3
3 - -1 - (0 + 6 + -1)
-1
Evaluate 4 + -1 + -7 + 0.
-4
What is 4 - ((-3 - -8) + -4) - -1?
4
Calculate -15 - (-11 + -1 + (30 - 26)).
-7
Evaluate -5 + 1 + 6 + -7 + 4.
-1
1 + -4 - (-193 + 191)
-1
Calculate 89 - 78 - (9 - -1).
1
What is the value of 21 - 22 - (0 + 0 + 3)?
-4
Calculate (-1 - -7) + (-15 - -7).
-2
What is -1 + 16 - 7 - 4?
4
What is -1 - (-8 + 6 - (-1 + 3))?
3
Calculate 1 - (-9 + -2 + 8).
4
What is the value of -2 - (-15 - 3 - -8) - 7?
1
(10 - -1) + (127 - 132)
6
What is -6 + 4 + 7 + -4?
1
What is the value of (-5 + 2 - (4 + -6)) + 0?
-1
Calculate (-2 - -4) + 0 + 2.
4
What is -119 + 120 - (-2 + 1 + 2)?
0
(-1 - 2) + 2 + 2 - 1
0
What is the value of 3 + -2 + (4 - 3) + -4?
-2
Evaluate -6 + 8 + -3 + (2 - 4).
-3
Calculate (-12 + 6 + 11 - 5) + 5.
5
8 + 1 - (-1 - -5)
5
Calculate (-1 - 7 - -2) + -4.
-10
Calculate 5 + (-6 - -7 - (-1 + 0)).
7
(0 - -2) + 10 + -11
1
-12 - -14 - (-3 - -12)
-7
-1 + 4 + 3 + -5 + -1
0
Calculate 1 - ((2 - 2 - 2) + 0).
3
Evaluate (0 - 2) + (5 - 4) - -4.
3
-3 + -2 + 14 - 5
4
What is the value of (-4 + -1 - 1) + 1?
-5
Calculate -8 - (11 + -6 + -17).
4
What is 0 + -6 + 4 + 3 + 2?
3
-3 + 5 - (1 - 0)
1
What is the value of 2 - (4 + 1 + (-9 - -9))?
-3
Calculate (5 + -5 - 2) + 0.
-2
Evaluate -2 - 6 - (-4 + 2).
-6
Calculate 0 - (-1 + 4 - 4).
1
-7 + 17 - (7 - -3)
0
Calculate -1 + -3 - (6 - (11 + -8)).
-7
What is -2 - 1 - (0 + -1 + -7)?
5
0 + (5 - (-2 + (11 - 3)))
-1
Evaluate (-5 - (3 - 3)) + 7.
2
What is the value of (1 - 2 - (16 - 17)) + -2?
-2
7 - 15 - -7 - (0 - -2)
-3
What is (-1 - (3 + 1)) + 1?
-4
What is the value of -40 + 37 - (-7 + 0 + -2)?
6
What is -5 - (-8 - (0 - (11 - 5)))?
-3
What is the value of (-2 + 1 - -6) + (6 - 9)?
2
-1 + (5 - 1) - (11 - 3)
-5
4 + -8 + -5 + (0 - -15)
6
What is the value of -29 + 18 - (-1 + -5)?
-5
-8 + (11 - 13) + 8
-2
Calculate 1 + 4 + 1 + (-4 - 0).
2
4 + -5 - (-6 - -2) - 4
-1
What is the value of (3 - -1) + -6 + 7?
5
What is (5 + 0 - 1) + -28 + 28?
4
Evaluate 1 - -11 - 18 - 4.
-10
What is -8 - (7 - 5) - -11?
1
What is 0 - (-3 - -1) - (-4 + 4)?
2
-13 - (4 - (-1 - -12))
-6
Calculate -2 + -1 - (5 + -10 + 0).
2
13 - (-3 - (-